{"id":228,"date":"2026-03-27T17:17:45","date_gmt":"2026-03-27T16:17:45","guid":{"rendered":"https:\/\/kultursommer-mehringplatz.de\/?page_id=228"},"modified":"2026-03-31T21:34:46","modified_gmt":"2026-03-31T19:34:46","slug":"anmeldung","status":"publish","type":"page","link":"https:\/\/kultursommer-mehringplatz.de\/?page_id=228","title":{"rendered":"Anmeldung"},"content":{"rendered":"<style id=\"wpforms-css-vars-220-block-088a31b9-78e5-40c9-943b-9008d38ccb96\">\n\t\t\t\t#wpforms-220.wpforms-block-088a31b9-78e5-40c9-943b-9008d38ccb96 {\n\t\t\t\t--wpforms-field-background-color: #FFFFFF;\n--wpforms-field-border-color: color-mix(in srgb, currentColor 20%, transparent);\n--wpforms-field-border-color-spare: color-mix(in srgb, currentColor 20%, transparent);\n\t\t\t}\n\t\t\t<\/style><style id=\"wpforms-custom-css-220-block-088a31b9-78e5-40c9-943b-9008d38ccb96\">\n\t\t\t\t.wpforms-container-full*{background:white;}\n\t\t\t<\/style><div class=\"wpforms-container wpforms-container-full wpforms-block wpforms-block-088a31b9-78e5-40c9-943b-9008d38ccb96 wpforms-render-modern\" id=\"wpforms-220\"><form id=\"wpforms-form-220\" class=\"wpforms-validate wpforms-form wpforms-ajax-form\" data-formid=\"220\" method=\"post\" enctype=\"multipart\/form-data\" action=\"\/index.php?rest_route=%2Fwp%2Fv2%2Fpages%2F228\" data-token=\"ff858e186ef66228492d4f3b310d89b4\" data-token-time=\"1775989197\"><noscript class=\"wpforms-error-noscript\">Bitte aktiviere JavaScript in deinem Browser, um dieses Formular fertigzustellen.<\/noscript><div id=\"wpforms-error-noscript\" style=\"display: none;\">Bitte aktiviere JavaScript in deinem Browser, um dieses Formular fertigzustellen.<\/div><div class=\"wpforms-field-container\"><div id=\"wpforms-220-field_1-container\" class=\"wpforms-field wpforms-field-text\" data-field-id=\"1\"><label class=\"wpforms-field-label\" for=\"wpforms-220-field_1\">Firma <span class=\"wpforms-required-label\" aria-hidden=\"true\">*<\/span><\/label><input type=\"text\" id=\"wpforms-220-field_1\" class=\"wpforms-field-medium wpforms-field-required\" name=\"wpforms[fields][1]\" aria-errormessage=\"wpforms-220-field_1-error\" required><\/div><div id=\"wpforms-220-field_2-container\" class=\"wpforms-field wpforms-field-text\" data-field-id=\"2\"><label class=\"wpforms-field-label\" for=\"wpforms-220-field_2\">Ansprechpartner*n <span class=\"wpforms-required-label\" aria-hidden=\"true\">*<\/span><\/label><input type=\"text\" id=\"wpforms-220-field_2\" class=\"wpforms-field-medium wpforms-field-required\" name=\"wpforms[fields][2]\" aria-errormessage=\"wpforms-220-field_2-error\" required><\/div><div id=\"wpforms-220-field_3-container\" class=\"wpforms-field wpforms-field-text\" data-field-id=\"3\"><label class=\"wpforms-field-label\" for=\"wpforms-220-field_3\">Stra\u00dfe <span class=\"wpforms-required-label\" aria-hidden=\"true\">*<\/span><\/label><input type=\"text\" id=\"wpforms-220-field_3\" class=\"wpforms-field-medium wpforms-field-required\" name=\"wpforms[fields][3]\" aria-errormessage=\"wpforms-220-field_3-error\" required><\/div><div id=\"wpforms-220-field_6-container\" class=\"wpforms-field wpforms-field-number\" data-field-id=\"6\"><label class=\"wpforms-field-label\" for=\"wpforms-220-field_6\">Postleitzahl <span class=\"wpforms-required-label\" aria-hidden=\"true\">*<\/span><\/label><input type=\"number\" id=\"wpforms-220-field_6\" class=\"wpforms-field-small wpforms-field-required\" name=\"wpforms[fields][6]\" placeholder=\"123456\" step=\"any\" aria-errormessage=\"wpforms-220-field_6-error\" required><\/div><div id=\"wpforms-220-field_4-container\" class=\"wpforms-field wpforms-field-text\" data-field-id=\"4\"><label class=\"wpforms-field-label\" for=\"wpforms-220-field_4\">Ort <span class=\"wpforms-required-label\" aria-hidden=\"true\">*<\/span><\/label><input type=\"text\" id=\"wpforms-220-field_4\" class=\"wpforms-field-medium wpforms-field-required\" name=\"wpforms[fields][4]\" aria-errormessage=\"wpforms-220-field_4-error\" required><\/div>\t\t<div id=\"wpforms-220-field_10-container\"\n\t\t\tclass=\"wpforms-field wpforms-field-text\"\n\t\t\tdata-field-type=\"text\"\n\t\t\tdata-field-id=\"10\"\n\t\t\t>\n\t\t\t<label class=\"wpforms-field-label\" for=\"wpforms-220-field_10\" > Ort an<\/label>\n\t\t\t<input type=\"text\" id=\"wpforms-220-field_10\" class=\"wpforms-field-medium\" name=\"wpforms[fields][10]\" >\n\t\t<\/div>\n\t\t<div id=\"wpforms-220-field_5-container\" class=\"wpforms-field wpforms-field-text\" data-field-id=\"5\"><label class=\"wpforms-field-label\" for=\"wpforms-220-field_5\">Telefon <span class=\"wpforms-required-label\" aria-hidden=\"true\">*<\/span><\/label><input type=\"text\" id=\"wpforms-220-field_5\" class=\"wpforms-field-small wpforms-field-required\" name=\"wpforms[fields][5]\" aria-errormessage=\"wpforms-220-field_5-error\" required><\/div><div id=\"wpforms-220-field_7-container\" class=\"wpforms-field wpforms-field-email\" data-field-id=\"7\"><label class=\"wpforms-field-label\" for=\"wpforms-220-field_7\">E-Mail-Adresse <span class=\"wpforms-required-label\" aria-hidden=\"true\">*<\/span><\/label><input type=\"email\" id=\"wpforms-220-field_7\" class=\"wpforms-field-medium wpforms-field-required\" name=\"wpforms[fields][7]\" spellcheck=\"false\" aria-errormessage=\"wpforms-220-field_7-error\" required><\/div><div id=\"wpforms-220-field_8-container\" class=\"wpforms-field wpforms-field-checkbox wpforms-list-3-columns\" data-field-id=\"8\"><fieldset><legend class=\"wpforms-field-label\">Ich\/wir m\u00f6chte(n) gerne an folgenden Tagen auf dem Kultursommer-Markt am Mehringplatz teilnehmen: <span class=\"wpforms-required-label\" aria-hidden=\"true\">*<\/span><\/legend><ul id=\"wpforms-220-field_8\" class=\"wpforms-field-required\"><li class=\"choice-1 depth-1\"><input type=\"checkbox\" id=\"wpforms-220-field_8_1\" name=\"wpforms[fields][8][]\" value=\"Erste Auswahljeden Donnerstag vom 30.4. bis 9.7. (ausser 14.5.)\" aria-errormessage=\"wpforms-220-field_8_1-error\" required ><label class=\"wpforms-field-label-inline\" for=\"wpforms-220-field_8_1\">Erste Auswahljeden Donnerstag vom 30.4. bis 9.7. (ausser 14.5.)<\/label><\/li><li class=\"choice-2 depth-1\"><input type=\"checkbox\" id=\"wpforms-220-field_8_2\" name=\"wpforms[fields][8][]\" value=\"am 30.4.\" aria-errormessage=\"wpforms-220-field_8_2-error\" required ><label class=\"wpforms-field-label-inline\" for=\"wpforms-220-field_8_2\">am 30.4.<\/label><\/li><li class=\"choice-3 depth-1\"><input type=\"checkbox\" id=\"wpforms-220-field_8_3\" name=\"wpforms[fields][8][]\" value=\"am 7.5.\" aria-errormessage=\"wpforms-220-field_8_3-error\" required ><label class=\"wpforms-field-label-inline\" for=\"wpforms-220-field_8_3\">am 7.5.<\/label><\/li><li class=\"choice-4 depth-1\"><input type=\"checkbox\" id=\"wpforms-220-field_8_4\" name=\"wpforms[fields][8][]\" value=\"am 21.5.\" aria-errormessage=\"wpforms-220-field_8_4-error\" required ><label class=\"wpforms-field-label-inline\" for=\"wpforms-220-field_8_4\">am 21.5.<\/label><\/li><li class=\"choice-5 depth-1\"><input type=\"checkbox\" id=\"wpforms-220-field_8_5\" name=\"wpforms[fields][8][]\" value=\"am 28.5.\" aria-errormessage=\"wpforms-220-field_8_5-error\" required ><label class=\"wpforms-field-label-inline\" for=\"wpforms-220-field_8_5\">am 28.5.<\/label><\/li><li class=\"choice-6 depth-1\"><input type=\"checkbox\" id=\"wpforms-220-field_8_6\" name=\"wpforms[fields][8][]\" value=\"am 4.6.\" aria-errormessage=\"wpforms-220-field_8_6-error\" required ><label class=\"wpforms-field-label-inline\" for=\"wpforms-220-field_8_6\">am 4.6.<\/label><\/li><li class=\"choice-7 depth-1\"><input type=\"checkbox\" id=\"wpforms-220-field_8_7\" name=\"wpforms[fields][8][]\" value=\"am 11.6.\" aria-errormessage=\"wpforms-220-field_8_7-error\" required ><label class=\"wpforms-field-label-inline\" for=\"wpforms-220-field_8_7\">am 11.6.<\/label><\/li><li class=\"choice-8 depth-1\"><input type=\"checkbox\" id=\"wpforms-220-field_8_8\" name=\"wpforms[fields][8][]\" value=\"am 18.6.\" aria-errormessage=\"wpforms-220-field_8_8-error\" required ><label class=\"wpforms-field-label-inline\" for=\"wpforms-220-field_8_8\">am 18.6.<\/label><\/li><li class=\"choice-9 depth-1\"><input type=\"checkbox\" id=\"wpforms-220-field_8_9\" name=\"wpforms[fields][8][]\" value=\"am 25.6.\" aria-errormessage=\"wpforms-220-field_8_9-error\" required ><label class=\"wpforms-field-label-inline\" for=\"wpforms-220-field_8_9\">am 25.6.<\/label><\/li><li class=\"choice-10 depth-1\"><input type=\"checkbox\" id=\"wpforms-220-field_8_10\" name=\"wpforms[fields][8][]\" value=\"am 2.7.\" aria-errormessage=\"wpforms-220-field_8_10-error\" required ><label class=\"wpforms-field-label-inline\" for=\"wpforms-220-field_8_10\">am 2.7.<\/label><\/li><li class=\"choice-11 depth-1\"><input type=\"checkbox\" id=\"wpforms-220-field_8_11\" name=\"wpforms[fields][8][]\" value=\"am 9.7.\" aria-errormessage=\"wpforms-220-field_8_11-error\" required ><label class=\"wpforms-field-label-inline\" for=\"wpforms-220-field_8_11\">am 9.7.<\/label><\/li><\/ul><\/fieldset><\/div><div id=\"wpforms-220-field_9-container\" class=\"wpforms-field wpforms-field-textarea\" data-field-id=\"9\"><label class=\"wpforms-field-label\" for=\"wpforms-220-field_9\">Wir bieten an<\/label><textarea id=\"wpforms-220-field_9\" class=\"wpforms-field-medium\" name=\"wpforms[fields][9]\" aria-errormessage=\"wpforms-220-field_9-error\" ><\/textarea><\/div><div id=\"wpforms-220-field_11-container\" class=\"wpforms-field wpforms-field-checkbox wpforms-list-3-columns\" data-field-id=\"11\"><fieldset><legend class=\"wpforms-field-label\">Wir haben<\/legend><ul id=\"wpforms-220-field_11\"><li class=\"choice-1 depth-1\"><input type=\"checkbox\" id=\"wpforms-220-field_11_1\" name=\"wpforms[fields][11][]\" value=\"ein Zelt\/einen Stand\/Schirm\" aria-errormessage=\"wpforms-220-field_11_1-error\"  ><label class=\"wpforms-field-label-inline\" for=\"wpforms-220-field_11_1\">ein Zelt\/einen Stand\/Schirm<\/label><\/li><li class=\"choice-2 depth-1\"><input type=\"checkbox\" id=\"wpforms-220-field_11_2\" name=\"wpforms[fields][11][]\" value=\"einen Verkaufswagen\/-anh\u00e4nger\" aria-errormessage=\"wpforms-220-field_11_2-error\"  ><label class=\"wpforms-field-label-inline\" for=\"wpforms-220-field_11_2\">einen Verkaufswagen\/-anh\u00e4nger<\/label><\/li><\/ul><\/fieldset><\/div><div id=\"wpforms-220-field_12-container\" class=\"wpforms-field wpforms-field-checkbox wpforms-list-3-columns\" data-field-id=\"12\"><fieldset><legend class=\"wpforms-field-label\">Wir brauchen<\/legend><ul id=\"wpforms-220-field_12\"><li class=\"choice-1 depth-1\"><input type=\"checkbox\" id=\"wpforms-220-field_12_1\" name=\"wpforms[fields][12][]\" value=\"Schuko-Strom\" aria-errormessage=\"wpforms-220-field_12_1-error\"  ><label class=\"wpforms-field-label-inline\" for=\"wpforms-220-field_12_1\">Schuko-Strom<\/label><\/li><li class=\"choice-2 depth-1\"><input type=\"checkbox\" id=\"wpforms-220-field_12_2\" name=\"wpforms[fields][12][]\" value=\"Starkstrom\" aria-errormessage=\"wpforms-220-field_12_2-error\"  ><label class=\"wpforms-field-label-inline\" for=\"wpforms-220-field_12_2\">Starkstrom<\/label><\/li><li class=\"choice-3 depth-1\"><input type=\"checkbox\" id=\"wpforms-220-field_12_3\" name=\"wpforms[fields][12][]\" value=\"kein Strom\" aria-errormessage=\"wpforms-220-field_12_3-error\"  ><label class=\"wpforms-field-label-inline\" for=\"wpforms-220-field_12_3\">kein Strom<\/label><\/li><li class=\"choice-4 depth-1\"><input type=\"checkbox\" id=\"wpforms-220-field_12_4\" name=\"wpforms[fields][12][]\" value=\"Leihst\u00e4nde (\u00fcberdacht, St\u00fcck \u00e0 ca. 2,50 m Tiefe x 3,00 m Breite)\" aria-errormessage=\"wpforms-220-field_12_4-error\"  ><label class=\"wpforms-field-label-inline\" for=\"wpforms-220-field_12_4\">Leihst\u00e4nde (\u00fcberdacht, St\u00fcck \u00e0 ca. 2,50 m Tiefe x 3,00 m Breite)<\/label><\/li><\/ul><\/fieldset><\/div><div id=\"wpforms-220-field_14-container\" class=\"wpforms-field wpforms-field-text\" data-field-id=\"14\"><label class=\"wpforms-field-label\" for=\"wpforms-220-field_14\">Ma\u00dfe: &#8230;&#8230;&#8230;&#8230;&#8230;&#8230;.. m(b) x &#8230;&#8230;&#8230;&#8230;&#8230;&#8230;.. m(t) <\/label><input type=\"text\" id=\"wpforms-220-field_14\" class=\"wpforms-field-small\" name=\"wpforms[fields][14]\" aria-errormessage=\"wpforms-220-field_14-error\" aria-describedby=\"wpforms-220-field_14-description\" ><div id=\"wpforms-220-field_14-description\" class=\"wpforms-field-description\">Ma\u00dfe von dem Zelt\/Stand\/Schirm<\/div><\/div><div id=\"wpforms-220-field_15-container\" class=\"wpforms-field wpforms-field-text\" data-field-id=\"15\"><label class=\"wpforms-field-label\" for=\"wpforms-220-field_15\">(inkl. Deichsel): &#8230;&#8230;&#8230;&#8230;&#8230;&#8230;.. m(b) x &#8230;&#8230;&#8230;&#8230;&#8230;&#8230;.. m(t)          <\/label><input type=\"text\" id=\"wpforms-220-field_15\" class=\"wpforms-field-small\" name=\"wpforms[fields][15]\" aria-errormessage=\"wpforms-220-field_15-error\" aria-describedby=\"wpforms-220-field_15-description\" ><div id=\"wpforms-220-field_15-description\" class=\"wpforms-field-description\">Ma\u00dfe von einem Verkaufswagen\/-anh\u00e4nger<\/div><\/div><script>\n\t\t\t\t( function() {\n\t\t\t\t\tconst style = document.createElement( 'style' );\n\t\t\t\t\tstyle.appendChild( document.createTextNode( '#wpforms-220-field_10-container { position: absolute !important; overflow: hidden !important; display: inline !important; height: 1px !important; width: 1px !important; z-index: -1000 !important; padding: 0 !important; } #wpforms-220-field_10-container input { visibility: hidden; } #wpforms-conversational-form-page #wpforms-220-field_10-container label { counter-increment: none; }' ) );\n\t\t\t\t\tdocument.head.appendChild( style );\n\t\t\t\t\tdocument.currentScript?.remove();\n\t\t\t\t} )();\n\t\t\t<\/script><\/div><!-- .wpforms-field-container --><div class=\"wpforms-submit-container\" ><input type=\"hidden\" name=\"wpforms[id]\" value=\"220\"><input type=\"hidden\" name=\"page_title\" value=\"\"><input type=\"hidden\" name=\"page_url\" value=\"https:\/\/kultursommer-mehringplatz.de\/index.php?rest_route=\/wp\/v2\/pages\/228\"><input type=\"hidden\" name=\"url_referer\" value=\"\"><button type=\"submit\" name=\"wpforms[submit]\" id=\"wpforms-submit-220\" class=\"wpforms-submit\" data-alt-text=\"Wird gesendet\u00a0\u2026\" data-submit-text=\"Absenden\" aria-live=\"assertive\" value=\"wpforms-submit\">Absenden<\/button><img loading=\"lazy\" decoding=\"async\" src=\"https:\/\/kultursommer-mehringplatz.de\/wp-content\/plugins\/wpforms-lite\/assets\/images\/submit-spin.svg\" class=\"wpforms-submit-spinner\" style=\"display: none;\" width=\"26\" height=\"26\" alt=\"Wird geladen\"><\/div><\/form><\/div>  <!-- .wpforms-container -->","protected":false},"excerpt":{"rendered":"","protected":false},"author":1,"featured_media":294,"parent":0,"menu_order":0,"comment_status":"closed","ping_status":"closed","template":"","meta":{"footnotes":""},"class_list":["post-228","page","type-page","status-publish","has-post-thumbnail","hentry"],"_links":{"self":[{"href":"https:\/\/kultursommer-mehringplatz.de\/index.php?rest_route=\/wp\/v2\/pages\/228","targetHints":{"allow":["GET"]}}],"collection":[{"href":"https:\/\/kultursommer-mehringplatz.de\/index.php?rest_route=\/wp\/v2\/pages"}],"about":[{"href":"https:\/\/kultursommer-mehringplatz.de\/index.php?rest_route=\/wp\/v2\/types\/page"}],"author":[{"embeddable":true,"href":"https:\/\/kultursommer-mehringplatz.de\/index.php?rest_route=\/wp\/v2\/users\/1"}],"replies":[{"embeddable":true,"href":"https:\/\/kultursommer-mehringplatz.de\/index.php?rest_route=%2Fwp%2Fv2%2Fcomments&post=228"}],"version-history":[{"count":10,"href":"https:\/\/kultursommer-mehringplatz.de\/index.php?rest_route=\/wp\/v2\/pages\/228\/revisions"}],"predecessor-version":[{"id":498,"href":"https:\/\/kultursommer-mehringplatz.de\/index.php?rest_route=\/wp\/v2\/pages\/228\/revisions\/498"}],"wp:featuredmedia":[{"embeddable":true,"href":"https:\/\/kultursommer-mehringplatz.de\/index.php?rest_route=\/wp\/v2\/media\/294"}],"wp:attachment":[{"href":"https:\/\/kultursommer-mehringplatz.de\/index.php?rest_route=%2Fwp%2Fv2%2Fmedia&parent=228"}],"curies":[{"name":"wp","href":"https:\/\/api.w.org\/{rel}","templated":true}]}}